{"id":850,"date":"2024-10-18T17:42:22","date_gmt":"2024-10-18T15:42:22","guid":{"rendered":"http:\/\/rencontresludiquesdebretagne.org\/WordPress3\/?page_id=850"},"modified":"2024-10-20T19:44:45","modified_gmt":"2024-10-20T17:44:45","slug":"jeux-de-role","status":"publish","type":"page","link":"http:\/\/rencontresludiquesdebretagne.org\/WordPress3\/jeux-de-role\/","title":{"rendered":"JEUX DE R\u00d4LE"},"content":{"rendered":"\n<p>Des campagnes one-shot seront propos\u00e9es par les MJ des diff\u00e9rents clubs, adapt\u00e9es aux d\u00e9butants et initi\u00e9s. Diff\u00e9rents univers de jeux de r\u00f4les seront pr\u00e9sents pour satisfaire les go\u00fbts de tous.<\/p>\n\n\n\n<p>Un planning des parties sera disponible dans la salle de jeu principale. Vous pourrez alors vous inscrire aux diff\u00e9rents cr\u00e9neaux.<\/p>\n\n\n\n<p>Si vous voulez ma\u00eetriser et proposer un sc\u00e9nario, vous pourrez le faire sur place ou <a href=\"mailto:contact@rencontresludiquesdebretagne.org\">nous contacter<\/a> pour indiquer les d\u00e9tails sur le site web.<\/p>\n","protected":false},"excerpt":{"rendered":"<p>Des campagnes one-shot seront propos\u00e9es par les MJ des diff\u00e9rents clubs, adapt\u00e9es aux d\u00e9butants et initi\u00e9s. Diff\u00e9rents univers de jeux de r\u00f4les seront pr\u00e9sents pour satisfaire les go\u00fbts de tous. Un planning des parties sera disponible dans la salle de jeu principale. Vous pourrez alors vous inscrire aux diff\u00e9rents cr\u00e9neaux. Si vous voulez ma\u00eetriser et &hellip; <a href=\"http:\/\/rencontresludiquesdebretagne.org\/WordPress3\/jeux-de-role\/\" class=\"more-link\">Continuer la lecture de <span class=\"screen-reader-text\">JEUX DE R\u00d4LE<\/span>  <span class=\"meta-nav\">&rarr;<\/span><\/a><\/p>\n","protected":false},"author":15,"featured_media":0,"parent":0,"menu_order":0,"comment_status":"closed","ping_status":"closed","template":"","meta":[],"_links":{"self":[{"href":"http:\/\/rencontresludiquesdebretagne.org\/WordPress3\/wp-json\/wp\/v2\/pages\/850"}],"collection":[{"href":"http:\/\/rencontresludiquesdebretagne.org\/WordPress3\/wp-json\/wp\/v2\/pages"}],"about":[{"href":"http:\/\/rencontresludiquesdebretagne.org\/WordPress3\/wp-json\/wp\/v2\/types\/page"}],"author":[{"embeddable":true,"href":"http:\/\/rencontresludiquesdebretagne.org\/WordPress3\/wp-json\/wp\/v2\/users\/15"}],"replies":[{"embeddable":true,"href":"http:\/\/rencontresludiquesdebretagne.org\/WordPress3\/wp-json\/wp\/v2\/comments?post=850"}],"version-history":[{"count":4,"href":"http:\/\/rencontresludiquesdebretagne.org\/WordPress3\/wp-json\/wp\/v2\/pages\/850\/revisions"}],"predecessor-version":[{"id":884,"href":"http:\/\/rencontresludiquesdebretagne.org\/WordPress3\/wp-json\/wp\/v2\/pages\/850\/revisions\/884"}],"wp:attachment":[{"href":"http:\/\/rencontresludiquesdebretagne.org\/WordPress3\/wp-json\/wp\/v2\/media?parent=850"}],"curies":[{"name":"wp","href":"https:\/\/api.w.org\/{rel}","templated":true}]}}